or of z and c?
6
Suppose 4*l - 6 - 14 = 0, -4*l - 54 = 2*x. Let m = -16 - x. Let k(a) = a**2 + 2*a - 3. Let c be k(4). Calculate the greatest common factor of m and c.
21
Let q(x) = x**3 + 2*x**2 - 4*x - 1. Let w be q(-3). Suppose -w*y = -5 - 1. What is the greatest common factor of 9 and y?
3
Let p = 47 - 22. What is the highest common factor of p and 50?
25
Let g(l) = -l - 10. Let h be g(-10). Suppose -2*y = -8 - 84. Suppose -y = -3*p - h*b + b, -2*b - 8 = 0. Calculate the highest common factor of p and 35.
7
Let h be (-3)/(-18)*-2*-6. Let a(m) = 42*m - 3. Let b be a(h). What is the greatest common divisor of 9 and b?
9
Suppose 3*k - 29 = 22. Suppose 0 = z - 6 - 5. Let j(m) = -m**2 + 16*m + 13. Let n be j(z). What is the greatest common factor of k and n?
17
Let j(r) = 5 + r - r + 2*r**3 + 9*r**2 - r**3. Let z be j(-9). What is the greatest common factor of z and 35?
5
Suppose 4*i + 4 = 0, 3*i + i - 336 = -4*p. What is the highest common divisor of p and 17?
17
Suppose 14*m = 16*m - 192. Calculate the greatest common factor of m and 6.
6
Let p = -4 + 8. Let t be -14*(1 + (p - -1)). Let a = t + 118. Calculate the greatest common divisor of 51 and a.
17
Suppose -5*m + 206 = n, 4*n + 86 + 14 = 2*m. What is the highest common divisor of 14 and m?
14
Suppose 2*f + 16 = 3*f - 5*l, l + 104 = 3*f. What is the greatest common divisor of 252 and f?
36
Let p(z) = 3*z - 10. Let f(x) = -x + 1. Let c(b) = -4*f(b) - p(b). Let d be c(0). Let v be (-3)/3 - (-5)/1. What is the greatest common factor of d and v?
2
Suppose 3*n = v + 29, 0 = 5*n + 2*v + 18 - 70. Suppose -29 = -3*s - 5. Let x = s - -7. Calculate the highest common factor of n and x.
5
Let h = 1 - -4. Suppose 5 = -2*m - z, 2*m + 3*z = m - h. Let n be -48*(-3)/(1 - m). What is the highest common divisor of 6 and n?
6
Let t(p) = 4*p - 1. Let y be t(1). Suppose 15 = s + y. Suppose -144 = -2*f - 2*f. What is the greatest common divisor of s and f?
12
Let q = 172 + -102. What is the highest common divisor of 10 and q?
10
Let g(i) = -i**3 - 4*i**2 + 8*i + 6. Let j be g(-6). What is the greatest common divisor of j and 20?
10
Let d(f) = f**2 - 11*f + 12. Let h(q) = 2*q. Let c be h(5). Let y be d(c). Suppose 3*n = 6 + 18. Calculate the greatest common divisor of n and y.
2
Let w = 2 + 1. Let s(q) = 2*q + 5. Let h be s(5). Suppose -3*o = -4*o + h. Calculate the highest common factor of o and w.
3
Suppose -1 - 1 = -2*z. Let w(f) = 45*f**3 - f**2 - f + 1. Let c be w(z). Calculate the highest common divisor of c and 11.
11
Suppose 33 = 4*z - 7. Let f be z/4 + (-4)/(-8). Let l(y) = -6*y + 3. Let b be l(-4). What is the greatest common divisor of f and b?
3
Suppose -3 - 1 = -2*n. Suppose a + n*a = 36. What is the highest common factor of a and 36?
12
Let u be (-1442)/(-8) - (99/12 - 8). What is the highest common divisor of u and 36?
36
Let j = 29 + -2. Calculate the highest common divisor of j and 3.
3
Let r(y) = 184*y. Let s be r(1). Suppose -2*j - 20 + 84 = 0. Suppose -3*h - 2*a + 73 = 0, -a - j - 12 = -2*h. What is the greatest common factor of s and h?
23
Let i be 3*(0 + 1)*397. Suppose -2*g + 0*v + v = -479, 5*g + 4*v = i. Suppose g - 43 = 2*q. What is the greatest common factor of 14 and q?
14
Let z(p) = p**2 - 4*p - 2. Let n be z(-4). Calculate the greatest common factor of 12 and n.
6
Suppose h - 8 - 5 = 0. What is the greatest common factor of h and 143?
13
Let s be 4/(-3)*3/(-2). Suppose 7*d - s*d = 225. Suppose 0 = -4*y + c + d, -5*c + 69 = 5*y - 2*c. What is the greatest common factor of 84 and y?
12
Let b be 3/(-15) + (-282)/(-10). Let l = 21 - -49. Calculate the highest common factor of l and b.
14
Suppose 0*j + 3*j - 52 = -4*n, -3*j - 92 = -5*n. Calculate the greatest common factor of 40 and n.
8
Let g = 52 + -16. Let v = g - 22. What is the highest common divisor of 42 and v?
14
Suppose 229 = n + 2*n - z, 5*n - 381 = 2*z. What is the highest common divisor of n and 11?
11
Let n be 70/20 - 2/(-4). Let x be ((-5)/n)/(5/(-180)). Suppose -3*l + 18 + 27 = 0. Calculate the highest common factor of l and x.
15
Let x be (-1)/(1 + (-52)/56). Let z be 187/3 + x/(-21). What is the highest common divisor of z and 21?
21
Let h(n) = -2*n**3 + 8*n**2 + 5*n - 2. Let x be h(4). What is the highest common divisor of x and 45?
9
Suppose v - 55 = -p, -3*p = -v + 37 - 2. Suppose -4*b + 5*b - 10 = 0. Calculate the greatest common factor of v and b.
10
Let m(p) = p**2 - 8*p + 1. Let n be m(6). Let u = n - -12. Calculate the greatest common divisor of u and 1.
1
Suppose -2*t - t = -15. Let b be 15/25 - (-137)/t. What is the highest common factor of 7 and b?
7
Let x = 25 - 12. Suppose 0 = -7*i + 2*i + 455. What is the highest common factor of i and x?
13
Let s(x) = -2*x + 5. Let v be s(-5). Calculate the highest common factor of v and 3.
3
Suppose 3 = 2*x + 15. Let l be (x/9)/((-4)/18). Calculate the highest common factor of l and 21.
3
Let o(g) = g**2 - 8*g + 12. Let q be o(12). Let s = 32 + -8. Calculate the highest common factor of q and s.
12
Let n = -5 + 124. Calculate the greatest common divisor of n and 17.
17
Suppose -3*o - 5*h = -731, 3*o - 1213 = -2*o - 3*h. What is the highest common divisor of o and 22?
22
Let c be (-5)/(-2)*(-8)/(-10). Let m be (16 - (-6)/(-2)) + 3. What is the greatest common factor of c and m?
2
Let f(n) = -n**2 + 2*n**2 - 5 - 3*n**2 + n**3. Suppose -4*l + 26 = 10. Let j be f(l). What is the greatest common factor of j and 3?
3
Let b be 5/(-25)*(-1 - 4). Suppose b + 21 = 2*d. Calculate the highest common factor of d and 55.
11
Suppose -n - 25 + 110 = 0. Let v(z) = -z - 3. Let c be v(-1). Let u be -34*(0 - (-1)/c). What is the highest common factor of n and u?
17
Suppose -5*s - 10 = 35. Let z be (-8)/(1 - s/(-7)). What is the highest common divisor of 7 and z?
7
Suppose 4*f - 32 = -4*g, 3*g = -0*f - 2*f + 13. Let j = 21 + f. Calculate the highest common divisor of 80 and j.
16
Suppose 2*p - 14 = -k, 34 = -3*p + 8*p + 3*k. Calculate the highest common factor of p and 16.
8
Suppose -y - 77 = -91. Calculate the greatest common divisor of y and 49.
7
Suppose 14 = -i + 5*d, 3*d = 5*i - i - 29. Let y = -281 - -166. Let q = 170 + y. What is the greatest common divisor of q and i?
11
Let z = -7 + 21. Let p be (-742)/(-6) + (-2)/(-6). Suppose 5*v = 2*o - 244, 0 = o - 7*v + 4*v - p. Calculate the greatest common factor of o and z.
14
Let c be 2/4 + 21/2. Let a be ((1 + 1)*1)/((-4)/(-176)). Calculate the highest common factor of a and c.
11
Let w be (32/(-48))/((-1)/132). Calculate the highest common divisor of w and 11.
11
Suppose 0 = -m + 190 + 30. What is the highest common factor of 20 and m?
20
Suppose -4*w + 4*n = 8*n - 128, -3*w = -4*n - 82. What is the highest common divisor of w and 330?
30
Let h(k) = -3*k**3 - k**2. Let n be h(-1). Calculate the highest common divisor of n and 22.
2
Let x be -2 + 1 - (2 + -3). Suppose x = 3*k + 2*k - 360. Suppose 0 = 4*p - 4*q - 48, 3*p + 3*q - 4 = 8. What is the highest common factor of k and p?
8
Let c(v) = 5*v**2 - 3*v. Let w be c(-3). Suppose -6*l = -234 - w. Calculate the greatest common factor of l and 12.
12
Let i = 2 - 2. Suppose -4*y + 6*y + 2*w - 140 = i, 0 = 3*w + 15. Calculate the greatest common factor of y and 30.
15
Suppose 0 = -9*j + 7*j + 10. What is the highest common factor of 10 and j?
5
Suppose 5*t = 2*m - 13, 0 = -m - t - 3*t. Let a(w) = 4*w - 16. Let z be a(8). What is the highest common divisor of m and z?
4
Let n = 27 + -5. Suppose -2*b = -4*q + 38, q + 16 = 3*q + 2*b. Let a be 6/27 - (-1780)/q. Calculate the greatest common divisor of a and n.
22
Suppose 0*z - 2*z = -24. Let m be ((-1)/3)/(1/(-9)). Suppose -z = m*c, 5*c - 106 = -3*g + 21. Calculate the greatest common factor of 7 and g.
7
Suppose 94 = 5*c - 216. Suppose -73 = -3*q + c. What is the highest common divisor of q and 5?
5
Suppose 24 = 4*t - o, 5 = -5*t - o + 26. Suppose -t*l + 14 = -196. Suppose -75*g - 36 = -81*g. What is the greatest common factor of l and g?
6
Let b(f) be the second derivative of f**4/12 - f**3 - f**2 - f. Let t be b(6). Let h be 2 + (t + 63)*1. Calculate the greatest common divisor of h and 9.
9
Suppose -4*y + 4*c = -60, 0 = -5*y - 4*c + 35 + 49. Let d(o) = o**3 + 10*o**2 - o - 2. Let l be d(-5). Calculate the greatest common factor of l and y